 + 5*s - 35. Suppose -q = g + 3*g - 11, -o = -2*g + 4*q. What are the prime factors of g?
3
What are the prime factors of (-129)/(-27) + 4/18?
5
Let s(w) = w**3 - 5*w**2 + 5*w + 3. Let a be s(4). Suppose 3*v + 0*y + 15 = -3*y, y + 8 = -2*v. List the prime factors of (a/v)/(1/(-3)).
7
List the prime factors of 45 + -23 + 4/(-1).
2, 3
Let b(l) = -l**2 + l + 133. Let c be b(0). Let q = c + -92. What are the prime factors of q?
41
Let s = -5 - -18. List the prime factors of s.
13
Suppose 3*h - 6 = 0, -2*k - 3*h = -0*h - 16. Suppose k*m - 270 + 20 = 0. List the prime factors of m.
2, 5
Let r(g) = -23*g + 11. List the prime factors of r(-1).
2, 17
Let x be -1 + 2 + 2*-2. Let c = x + 9. What are the prime factors of (4/(-3))/((-4)/c)?
2
Let c(i) be the second derivative of -4*i**3/3 + i**2/2 + 4*i. What are the prime factors of c(-2)?
17
What are the prime factors of (-4 - -8 - 8)*(-249)/12?
83
Let n(o) = o**3 + 7*o**2 + 8*o + 5. Let s be n(-6). What are the prime factors of (s + 4)/((-6)/16)?
2
Let x(h) = -h**3 + 7*h**2 + 2*h + 10. Let c be x(7). Suppose -c = 6*s - 2*s. Let a = s + 11. List the prime factors of a.
5
Suppose 2*p - 25 - 15 = 0. List the prime factors of p.
2, 5
Let v(x) = 6*x + 3. Let b(j) = 3*j + 2. Let u(p) = -p**3 + 9*p**2 - 8*p - 3. Let l be u(8). Let z(s) = l*v(s) + 5*b(s). List the prime factors of z(-1).
2
Suppose 2*p = 3*p - y - 35, -2*y - 8 = 0. What are the prime factors of p?
31
Let z(b) be the second derivative of b**5/20 - 7*b**4/12 + b**3/6 - 2*b**2 + b. Suppose s + 35 = 6*s. List the prime factors of z(s).
3
Suppose m - 32 = 4*c - 3*m, 4*c + 34 = 2*m. Let b = c + 0. List the prime factors of 40/18 + 2/b.
2
Let m(s) = -2*s + 8. Let f be m(-6). Let g = f + -4. List the prime factors of g.
2
Let a be (-1)/(-2)*-6 + 7. Let c(h) = 5*h + 4. Let y(g) = 14*g + 11. Let x(j) = 17*c(j) - 6*y(j). What are the prime factors of x(a)?
2, 3
Let s(r) = -r**2 - 7*r + 9. Let y be s(-8). Let w = y - -6. What are the prime factors of w?
7
List the prime factors of -2 + 0/(-2) + 29.
3
Let i = 13 + -9. Let h(w) = -2*w + 2. Let p be h(-2). Suppose -i = -2*a + p. What are the prime factors of a?
5
Suppose 0 = -c + 5*q - 23 + 3, -2*c - 4*q = -16. Suppose 3*b = -a + 42, c = 3*b - 14 + 2. What are the prime factors of a?
2, 3, 5
Let n = -299 + 518. What are the prime factors of n?
3, 73
Suppose 0*t = -5*t - 10. What are the prime factors of t/(-6) - 11/(-3)?
2
Let r = -74 + 137. List the prime factors of r.
3, 7
Suppose 0 = -2*d + d + 20. Suppose -5*q - t + d = 3, -q - 3*t + 9 = 0. List the prime factors of q.
3
What are the prime factors of (18 - -2)*(-8)/(-10)?
2
Let l be (9 + -10)/(1/(-59)). Suppose 0 = -0*d + d - 5*q - 38, 3*d - 4*q - l = 0. What are the prime factors of d?
13
Let x be 0/2 + -10*1. Let b = x + 27. What are the prime factors of b?
17
Suppose 2*d + c - 184 = 0, -3*d + 39 + 247 = 4*c. List the prime factors of d.
2, 3, 5
Let p(w) = -4*w + 1. Let v(a) = -3*a + 1. Let z be v(-2). Let h be p(z). Let q = -19 - h. What are the prime factors of q?
2
Suppose 5*g = -m - 46, -16 = 3*g - 3*m + 8. Let a be 2/(-9) + (-2)/g. Suppose -3*q + 1 + 17 = a. What are the prime factors of q?
2, 3
Suppose 2*t = 6*t. Suppose t = -n - 3*n + 12. Suppose -3*i - 25 = -5*o, -n*i = -2*i. What are the prime factors of o?
5
Let v(c) = c**3 + 5*c**2 + c + 5. Let m be v(-5). Suppose x + m = 2. List the prime factors of x.
2
Let y = -187 + 440. Suppose -5*a - h = -y - 225, 3*h = 4*a - 390. What are the prime factors of a/9 - 1/(-3)?
11
What are the prime factors of (-2976)/(-27) + ((-12)/(-27))/(-2)?
2, 5, 11
Let n = 3 - -3. Let a be (n + 5)/((-2)/(-2)). Suppose 4*l + a - 39 = 0. What are the prime factors of l?
7
Let h = -38 - -27. Let s = 16 + h. What are the prime factors of s?
5
Suppose 5*l + 8 = -m - 5, m = 3*l + 11. Suppose -m*g - 3 = -3*v - 5, -2*v + 24 = 5*g. What are the prime factors of v?
2
Let q be (-452)/(-6) + (-14)/(-21). Suppose 3*y + y - q = 0. What are the prime factors of y?
19
List the prime factors of ((-6)/15)/1 - (-547)/5.
109
List the prime factors of (1 - (-9)/(-3)) + 2 + 160.
2, 5
Let i(q) = -2*q + 15. Let g(d) = d - 7. Suppose -3*r + 34 = 7. Let f(v) = r*g(v) + 4*i(v). What are the prime factors of f(5)?
2
Let g = -6 - -5. Let s be 0 + 8/((-1)/g). Suppose 0 = 3*u - 7 - s. List the prime factors of u.
5
Let g(y) = -y**3 - 8*y**2 - 2*y - 8. Let f = 10 + -18. What are the prime factors of g(f)?
2
Suppose 0 = 2*h + 2*l - 26 - 60, -2*l = 4*h - 166. Let g = -25 + h. List the prime factors of 14/5 - (-3)/g.
3
Let a(p) = p**2 + 2*p - 6. Let c be a(6). Let u = -7 + 11. Suppose u*d - 2*d = c. List the prime factors of d.
3, 7
Let w = -8 + 8. List the prime factors of 7 + (1 - 1) + w.
7
Suppose c = -3*n + 16, 20 = 3*n + 2*c + 3*c. Suppose -3*a + 77 = 3*d + 17, 0 = n*a. What are the prime factors of d?
2, 5
Suppose -4*a = -84 - 172. List the prime factors of a/16 + (43 - 1).
2, 23
List the prime factors of 4/(-8)*8*-46.
2, 23
Let w = -108 + 238. Suppose 0 = 3*y + 2*y + w. Let l = -15 - y. List the prime factors of l.
11
Let u(f) = 76*f + 6. What are the prime factors of u(2)?
2, 79
Let d(a) = a**2 - 17. What are the prime factors of d(-8)?
47
List the prime factors of (0 - -3 - 3) + 5*3.
3, 5
Suppose c - 1 = 11. Suppose -3*k + 6*k - c = 0. Suppose -69 = -5*s + k*y, -4*s + 50 = 4*y - 34. List the prime factors of s.
17
Let q = 37 + -22. What are the prime factors of 149/5 + 3/q?
2, 3, 5
Let v(s) = 5*s + 4. Suppose -16 = -5*o + o. What are the prime factors of v(o)?
2, 3
Suppose -2*q = 84 - 246. Suppose 3*j + q = 6*j. What are the prime factors of j?
3
Let t(d) = -d**2 + d. Let l(v) = -6*v - 1. Let b(y) = -l(y) + t(y). Suppose g + 3*p + 8 + 4 = 0, -3*p - 30 = -5*g. List the prime factors of b(g).
13
Suppose 12*s + 700 = 2944. List the prime factors of s.
11, 17
Let z be -3 + 3/3 + 0. Suppose 4*j - 15 = 65. List the prime factors of 4/2 - j/z.
2, 3
Suppose -5*w + 1153 - 203 = 0. List the prime factors of w.
2, 5, 19
Let p(j) = j**2 - 8*j + 3 + 2*j + 2. Let n be 8 + -2*(1 + 0). List the prime factors of p(n).
5
Suppose 4*s - 5*s + 37 = a, 5*a + 15 = 0. List the prime factors of s.
2, 5
Let b(f) = 2*f - 1 - 2*f + 13*f. List the prime factors of b(3).
2, 19
Suppose -4*o + 50 = 2*x, 2*o = -3*x - 3*o + 73. List the prime factors of x.
3, 7
Let s(c) = c**2 + 8*c - 7. Let q be s(-9). Let k(o) = 4*o**2 - 2*o + 3. What are the prime factors of k(q)?
3, 5
Let g(d) = 0 - 2 - 5 - 3*d + 1. What are the prime factors of g(-11)?
3
Let d = 132 + -84. What are the prime factors of d?
2, 3
Let z(r) = 8*r**3 - r**2 + 1. Let j be z(1). Let u = -3 + j. What are the prime factors of u?
5
Suppose -2*a - 4*b + 15 = -57, -2*b + 6 = 0. What are the prime factors of a?
2, 3, 5
Suppose 2*g - i - 24 = 0, g - 4*i - 30 = -g. List the prime factors of g.
11
Suppose 0 = 3*x - 604 - 68. List the prime factors of x.
2, 7
Let h be (2/(-3))/((-4)/6). Let n = 7 - h. Suppose 4*u = -s + 5, -u = -n*u. List the prime factors of s.
5
Let n(v) = 7*v**2 + v - 1. Let g be n(1). Suppose 3*l + 31 = g. Let b = l - -19. What are the prime factors of b?
11
Let x = -2 - -26. What are the prime factors of x?
2, 3
Let r(g) = 6*g**3 - g**2 - 3*g + 3. List the prime factors of r(2).
41
List the prime factors of (-10)/55 + 510/22.
23
Let t be (-608)/(-20) - (-2)/(-5). Let x = t - 6. List the prime factors of x.
2, 3
Let c(p) = 4*p**2 - p - 1. Let v be c(3). Suppose 0 = 3*i, 0 = 4*j + 3*i - v + 8. Suppose x + 0*x - j = 0. List the prime factors of x.
2, 3
Suppose 27 = 5*o - 18. What are the prime factors of o?
3
What are the prime factors of (-8 - -13) + 94*1?
3, 11
Let q(m) = 7*m - 5. Let n(d) = 4*d - 3. Let t(c) = 5*n(c) - 3*q(c). List the prime factors of t(-7).
7
Let i = 2 - 3. Let r = 2 - i. List the prime factors of r.
3
Let s = 113 - 44. What are the prime factors of s?
3, 23
Let b be (1 - 3)*279/(-18). Suppose 4*r = -7 + b. List the prime factors of r.
2, 3
Let o(j) = j**2 - 4*j + 15. List the prime factors of o(-5).
2, 3, 5
Suppose 3*n = n + 12. Let l be 10*(3 - 0)/n. Suppose 0 = -l*f + o + 44, -27 = -4*f + 5*o + 4. List the prime factors of f.
3
What are the prime factors of 134/5 + 16/80?
3
Let s(x) = -3*x**3 - x**2 - 2*x - 1. Let z be s(-1). Suppose 0 = -0*k - z*k. What are the prime factors